*3/2 - 3*o**2. Let y be f(-9). Calculate the highest common divisor of y and 72.
18
Let x = 110 + 70. Let c = -36 - -56. What is the highest common factor of x and c?
20
Suppose 2*r + 8 = 0, u + 0*u + 14 = -3*r. Let d = u - -5. Suppose -4*x + 109 = d*v - 27, -2*x = -2*v + 100. Calculate the greatest common divisor of 32 and v.
16
Suppose 3 = -s + 14. Let p(o) be the first derivative of o**4/4 - 5*o**3/3 + 5*o**2/2 - 3*o - 2. Let j be p(5). What is the highest common factor of j and s?
11
Suppose 3*w = 6*w - 405. Calculate the greatest common factor of w and 15.
15
Suppose 4*t - 69 = -3*y, 3*t + y = -4*y + 60. Suppose -3*f - t = -6*f. What is the highest common divisor of f and 50?
5
Suppose 5*h - 123 - 367 = 0. Calculate the greatest common factor of 14 and h.
14
Let b(h) be the third derivative of h**6/60 - h**5/12 - h**4/4 + h**3/2 + 4*h**2. Let n be b(5). What is the highest common divisor of 14 and n?
14
Let v = 23 + -15. What is the highest common divisor of 20 and v?
4
Let m = 21 - 6. What is the highest common divisor of m and 5?
5
Let u be -8 + 4 - 2*-24. Calculate the highest common divisor of 66 and u.
22
Suppose 0 = -2*b + x + 261, 3*b - 4*b + 114 = 5*x. Suppose 6*t + 5*q - 199 = 2*t, -3*t = -3*q - b. What is the greatest common divisor of 69 and t?
23
Let d be -1 + (-268)/(2 - 4). Suppose s + 2*z + 97 = 6*s, -5*z = -2*s + 43. What is the highest common divisor of s and d?
19
Let x be 2 + 1 - 111/(-3). What is the highest common divisor of 20 and x?
20
Let q be (2 + -10)/(2/(-3)). What is the greatest common factor of q and 30?
6
Suppose 2 + 13 = -5*j. Let d be j - (-9 + 3) - 1. Calculate the highest common factor of d and 14.
2
Suppose 153 = 5*a - j - 2*j, -j = -4*a + 121. Suppose 14*w - 100 = 9*w. What is the highest common divisor of a and w?
10
Suppose -3*a + 2*y + 23 = 3*y, 2*a - 15 = -y. Let t = a - 6. What is the greatest common factor of 10 and t?
2
Let j be ((-2)/(-3))/(1/21). Let o(z) = 9*z - 3. Let n be o(4). Let t = 2 + n. Calculate the greatest common divisor of j and t.
7
Suppose k - 4 = -3*p, 3*p + p + 4*k = 16. Suppose p*j = j + 35. Let n be (j/(-15))/(2/6). What is the highest common divisor of n and 35?
7
Let u(g) = 2*g + 180. Let n be u(0). Let w(i) = 4*i + 4. Let b be w(4). Calculate the highest common factor of b and n.
20
Suppose -6*l + 10 = -l. Suppose 3*p + 5 = -4, -l*s - 5*p = -201. What is the greatest common divisor of 12 and s?
12
Suppose -9*x - 1530 = -27*x. Calculate the greatest common factor of x and 5.
5
Let w be 49/4 + (-3)/12. Let q = 20 - w. Suppose 3*p - 33 = -x, -2*p + 7*p - 66 = 2*x. What is the highest common factor of p and q?
4
Let x be (27 - 3)*(-3)/((-6)/8). What is the greatest common divisor of x and 12?
12
Let n(d) be the first derivative of -d**4/4 + 7*d**3/3 + 4*d**2 + 2*d - 5. Let l be n(8). What is the highest common divisor of l and 16?
2
Let j = -122 - -199. Calculate the highest common factor of 7 and j.
7
Let z(f) = 7*f - 4. Let v be z(3). Suppose -3*m + 298 = -59. Calculate the highest common factor of m and v.
17
Let u = -37 + 58. Let b(s) = -21*s. Suppose 8 - 3 = j + 3*f, 13 = -5*j + 4*f. Let i be b(j). Calculate the highest common factor of i and u.
21
Let g(i) = -i**3 - 3*i**2 + 3*i - 7. Let y be g(-5). Let q(m) = -4*m - 4. Let k be q(-5). Let d = k - 9. What is the highest common factor of d and y?
7
Let j(h) = 59*h + 17. Let r be j(2). Calculate the greatest common divisor of 27 and r.
27
Suppose -3*c + 5*s = -21 - 11, -5*c - 4*s = -41. Let n(i) = 7*i**2 - 7*i - 3. Let t be n(-3). Calculate the greatest common factor of t and c.
9
Suppose 0 = 3*z - 8*z - 2*v + 33, -2*z - 5*v + 30 = 0. Let j = -38 + 53. Calculate the highest common divisor of z and j.
5
Let c(p) = 7*p**3 + 2*p - 1. Let z be c(1). What is the highest common factor of z and 128?
8
Suppose 2*k = j - 20, 0 = 5*j - 0*k + 5*k - 130. What is the greatest common factor of 216 and j?
24
Suppose 4*k - 2*w + 6*w = 428, 4*w = 2*k - 244. Calculate the greatest common divisor of 14 and k.
14
Let x = 36 + -9. Let q(f) = f**3 + 2*f**2 - 3*f - 3. Let s be q(4). What is the highest common factor of x and s?
27
Let y(x) = -x**3 - 7*x**2 + 2*x - 8. Let t be y(-8). Let c(a) = -a**3 + 5*a**2 + 3*a - 5. Let z be c(5). Calculate the highest common factor of t and z.
10
Let q(t) = 2*t - 3. Let c be q(2). What is the highest common factor of c and 9?
1
Let h(x) = 5*x + 58. Let n be h(-11). Let o be 3/(1/(0 + -1)). Let c be 1 + o - (-22 + -1). What is the highest common divisor of c and n?
3
Let x = 7 + 0. What is the highest common divisor of 49 and x?
7
Let h(i) = -61*i**2 + i + 1. Let y be h(-1). Let s be 7*((-33)/3 + -4). Let l = y - s. Calculate the highest common factor of l and 11.
11
Let o(y) = -y. Let r be o(-5). What is the greatest common factor of 15 and r?
5
Let t be 2 + (-12)/28 + 143/7. Let y = -1 - 0. Let c be 11*y*(0 + -1). What is the highest common factor of c and t?
11
Suppose -2*a - q + 40 = 0, 0 = 4*a - a - 3*q - 78. Calculate the highest common divisor of 11 and a.
11
Suppose 3*d + 152 = 5*j, -4*j + 0 = -4*d - 128. Calculate the highest common divisor of 28 and j.
28
Suppose 4*n = -v + 23, -4*v - 71 = -5*n - 16. Calculate the highest common divisor of 7 and n.
7
Suppose -3*j + 3*p + 88 = -p, -5*j - 3*p = -137. Calculate the highest common factor of 112 and j.
28
Let u = 220 - 153. Suppose 0 = -0*m - 4*m - 124. Let s = m + u. What is the greatest common factor of 12 and s?
12
Let n be (-6)/(-8) + 770/40. Calculate the greatest common factor of n and 50.
10
Let y be (-7 - -6)/(2/(-126)). Calculate the highest common factor of 21 and y.
21
Let x(g) = -g - 1. Let c be x(-3). Suppose c*o - 5*w - 17 = 0, -4*w - 6 = -2*o + 10. Let l = o - 2. What is the greatest common divisor of 28 and l?
4
Suppose -2*a - 5*o = -126, -2*a - o + 132 = o. Calculate the highest common divisor of 17 and a.
17
Suppose -11 = -3*i + 19. Suppose 5*k = -5*n - i, 2*k + 7 = -5*n - 9. Suppose k*j - 10 = -3*j. Calculate the highest common divisor of 4 and j.
2
Let k(f) = f - 1. Let m(b) = 102*b + 2. Let d(g) = -k(g) + m(g). Let i be d(1). Let j be (-2)/(-7) + 267/21. What is the greatest common factor of j and i?
13
Let g be 1 - (-42 - (-1 - -2)). Suppose -g = -t - 0. Calculate the greatest common factor of t and 22.
22
Suppose -107 = -5*x + d, -3*x + 7*x + d - 82 = 0. Calculate the highest common factor of x and 147.
21
Suppose 0*w + 2*w = m + 59, -2*m = -w + 25. Suppose 5*u = -w + 136. Let o = 348 + -201. What is the highest common factor of u and o?
21
Let c be (-3 - -1)*(-14)/(-4). Let v = -2 - c. Suppose -5*f = -15 - v. Calculate the highest common factor of 2 and f.
2
Suppose 0 = -5*k + 2*c - 248 - 274, -k + 3*c = 94. Let p = 38 - k. Calculate the highest common factor of 18 and p.
18
Let z be 483/(-138)*(-1 - 6/(-14)). What is the greatest common factor of z and 5?
1
Let h be (-106)/(-3) + 3/(-9). Suppose -4*r + r - 9 = 0, -2*s + r = -31. What is the highest common divisor of h and s?
7
Let v(t) = 26*t - 19. Let j be v(8). Let z = 62 + -35. Calculate the highest common divisor of j and z.
27
Let v(f) = 2*f**3 - 3*f**2 + 3*f + 1. Let s be v(3). Suppose -23 - s = -5*n. What is the highest common divisor of n and 108?
12
Let s be (-191)/(-9) + 2/(-9). Let o be 4/2*-1 + 5. Let y = 0 + o. What is the greatest common divisor of s and y?
3
Suppose 13*m = -43 + 745. Calculate the greatest common divisor of 18 and m.
18
Suppose -7 - 47 = -3*f. What is the highest common divisor of f and 2?
2
Let k = -32 - -60. Calculate the highest common factor of 4 and k.
4
Let b(t) = -t - 1. Let s be b(-6). What is the highest common factor of 65 and s?
5
Let l be ((-9)/(-4))/(2/56). What is the highest common factor of 42 and l?
21
Let i be 8/(2/(-113)*1). Let a be (-2)/(-5) - i/20. Calculate the highest common divisor of 207 and a.
23
Let z = 4 + 0. Suppose -2*y - p = -51, 11 = y + z*p + 3. Calculate the greatest common factor of y and 4.
4
Suppose -339 = -13*v + 155. Calculate the highest common factor of 266 and v.
38
Let y(f) = f**3 + f + 38. Let i be y(0). Let z = -65 + i. Let a = -19 - z. What is the highest common divisor of 8 and a?
8
Let b = -1 + 4. Suppose l - 16 = 3*q - 0*q, b*q = 3*l - 24. Let g = q + 94. Calculate the greatest common factor o